{"id":109,"date":"2023-05-13T09:19:02","date_gmt":"2023-05-13T09:19:02","guid":{"rendered":"http:\/\/www.myllylahdenmusiikki.fi\/?page_id=109"},"modified":"2023-09-07T01:55:52","modified_gmt":"2023-09-07T01:55:52","slug":"yhteystiedot","status":"publish","type":"page","link":"http:\/\/www.myllylahdenmusiikki.fi\/index.php\/yhteystiedot\/","title":{"rendered":"Yhteystiedot"},"content":{"rendered":"\n<p>Myllylahden Musiikki ry<br>y-tunnus 2835418-5<br>Veikko Juntunen<br>p. 040 538 0996<\/p>\n\n\n\n<p>Hallitus:<br>puheenjohtaja Veikko Juntunen<br>hallituksen j\u00e4sen Mari Kela<\/p>\n\n\n\n<p>Toimiala:<br>vastuullinen musiikkitapahtumien j\u00e4rjest\u00e4j\u00e4 mm. SuomussalmiRock, Kerkk\u00e4l\u00e4iset,<br>koko kunta rokkaa Suomussalmi tapahtuma v. 2023<\/p>\n","protected":false},"excerpt":{"rendered":"<p>Myllylahden Musiikki ryy-tunnus 2835418-5Veikko Juntunenp. 040 538 0996 Hallitus:puheenjohtaja Veikko Juntunenhallituksen j\u00e4sen Mari Kela Toimiala:vastuullinen musiikkitapahtumien j\u00e4rjest\u00e4j\u00e4 mm. SuomussalmiRock, Kerkk\u00e4l\u00e4iset,koko kunta rokkaa Suomussalmi tapahtuma v. 2023<\/p>\n","protected":false},"author":1,"featured_media":0,"parent":0,"menu_order":0,"comment_status":"closed","ping_status":"closed","template":"","meta":[],"_links":{"self":[{"href":"http:\/\/www.myllylahdenmusiikki.fi\/index.php\/wp-json\/wp\/v2\/pages\/109"}],"collection":[{"href":"http:\/\/www.myllylahdenmusiikki.fi\/index.php\/wp-json\/wp\/v2\/pages"}],"about":[{"href":"http:\/\/www.myllylahdenmusiikki.fi\/index.php\/wp-json\/wp\/v2\/types\/page"}],"author":[{"embeddable":true,"href":"http:\/\/www.myllylahdenmusiikki.fi\/index.php\/wp-json\/wp\/v2\/users\/1"}],"replies":[{"embeddable":true,"href":"http:\/\/www.myllylahdenmusiikki.fi\/index.php\/wp-json\/wp\/v2\/comments?post=109"}],"version-history":[{"count":2,"href":"http:\/\/www.myllylahdenmusiikki.fi\/index.php\/wp-json\/wp\/v2\/pages\/109\/revisions"}],"predecessor-version":[{"id":239,"href":"http:\/\/www.myllylahdenmusiikki.fi\/index.php\/wp-json\/wp\/v2\/pages\/109\/revisions\/239"}],"wp:attachment":[{"href":"http:\/\/www.myllylahdenmusiikki.fi\/index.php\/wp-json\/wp\/v2\/media?parent=109"}],"curies":[{"name":"wp","href":"https:\/\/api.w.org\/{rel}","templated":true}]}}