{"id":90,"date":"2023-05-13T08:40:21","date_gmt":"2023-05-13T08:40:21","guid":{"rendered":"http:\/\/www.myllylahdenmusiikki.fi\/?page_id=90"},"modified":"2025-07-23T16:57:05","modified_gmt":"2025-07-23T16:57:05","slug":"kerkkalaiset","status":"publish","type":"page","link":"http:\/\/www.myllylahdenmusiikki.fi\/index.php\/kerkkalaiset\/","title":{"rendered":"Kerkk\u00e4l\u00e4iset"},"content":{"rendered":"\n<p>Kerkk\u00e4l\u00e4iset kajahtaa t\u00e4n\u00e4 vuonna viimeist\u00e4 kertaa! Ajankohta on 1.-2.8.2025, osoite Kerk\u00e4ntie 17.<\/p>\n\n\n\n<p>Perjantaina tottuneeseen tapaan iskelm\u00e4painotteista musaa, lauantaina rokataan kyynel silm\u00e4ss\u00e4, kun j\u00e4t\u00e4mme j\u00e4\u00e4hyv\u00e4iset tapahtumalle.<\/p>\n\n\n\n<p>Kerk\u00e4ss\u00e4 on anniskelualue ja sy\u00f6t\u00e4v\u00e4\u00e4kin l\u00f6ytyy, joten varaa k\u00e4teist\u00e4 mukaan!<\/p>\n","protected":false},"excerpt":{"rendered":"<p>Kerkk\u00e4l\u00e4iset kajahtaa t\u00e4n\u00e4 vuonna viimeist\u00e4 kertaa! Ajankohta on 1.-2.8.2025, osoite Kerk\u00e4ntie 17. Perjantaina tottuneeseen tapaan iskelm\u00e4painotteista musaa, lauantaina rokataan kyynel silm\u00e4ss\u00e4, kun j\u00e4t\u00e4mme j\u00e4\u00e4hyv\u00e4iset tapahtumalle. Kerk\u00e4ss\u00e4 on anniskelualue ja sy\u00f6t\u00e4v\u00e4\u00e4kin l\u00f6ytyy, joten varaa k\u00e4teist\u00e4 mukaan!<\/p>\n","protected":false},"author":1,"featured_media":0,"parent":0,"menu_order":0,"comment_status":"closed","ping_status":"closed","template":"","meta":[],"_links":{"self":[{"href":"http:\/\/www.myllylahdenmusiikki.fi\/index.php\/wp-json\/wp\/v2\/pages\/90"}],"collection":[{"href":"http:\/\/www.myllylahdenmusiikki.fi\/index.php\/wp-json\/wp\/v2\/pages"}],"about":[{"href":"http:\/\/www.myllylahdenmusiikki.fi\/index.php\/wp-json\/wp\/v2\/types\/page"}],"author":[{"embeddable":true,"href":"http:\/\/www.myllylahdenmusiikki.fi\/index.php\/wp-json\/wp\/v2\/users\/1"}],"replies":[{"embeddable":true,"href":"http:\/\/www.myllylahdenmusiikki.fi\/index.php\/wp-json\/wp\/v2\/comments?post=90"}],"version-history":[{"count":17,"href":"http:\/\/www.myllylahdenmusiikki.fi\/index.php\/wp-json\/wp\/v2\/pages\/90\/revisions"}],"predecessor-version":[{"id":259,"href":"http:\/\/www.myllylahdenmusiikki.fi\/index.php\/wp-json\/wp\/v2\/pages\/90\/revisions\/259"}],"wp:attachment":[{"href":"http:\/\/www.myllylahdenmusiikki.fi\/index.php\/wp-json\/wp\/v2\/media?parent=90"}],"curies":[{"name":"wp","href":"https:\/\/api.w.org\/{rel}","templated":true}]}}

Kerkkäläiset

<p>Kerkkäläiset kajahtaa tänä vuonna viimeistä kertaa! Ajankohta on 1.-2.8.2025, osoite Kerkäntie 17.</p>



<p>Perjantaina tottuneeseen tapaan iskelmäpainotteista musaa, lauantaina rokataan kyynel silmässä, kun jätämme jäähyväiset tapahtumalle.</p>



<p>Kerkässä on anniskelualue ja syötävääkin löytyy, joten varaa käteistä mukaan!</p>

<p>Kerkkäläiset kajahtaa tänä vuonna viimeistä kertaa! Ajankohta on 1.-2.8.2025, osoite Kerkäntie 17. Perjantaina tottuneeseen tapaan iskelmäpainotteista musaa, lauantaina rokataan kyynel silmässä, kun jätämme jäähyväiset tapahtumalle. Kerkässä on anniskelualue ja syötävääkin löytyy, joten varaa käteistä mukaan!</p>
